{"id":2618,"date":"2023-03-22T09:45:50","date_gmt":"2023-03-22T09:45:50","guid":{"rendered":"https:\/\/chafiafood.com\/zakariatech\/?post_type=product&#038;p=2618"},"modified":"2023-03-22T09:52:52","modified_gmt":"2023-03-22T09:52:52","slug":"ipc-hdw5842t-ze","status":"publish","type":"product","link":"https:\/\/chafiafood.com\/zakariatech\/product\/ipc-hdw5842t-ze\/","title":{"rendered":"IPC-HDW5842T-ZE"},"content":{"rendered":"","protected":false},"excerpt":{"rendered":"<p class=\"text\" data-v-393df75a=\"\" data-gtm-vis-recent-on-screen-10552706_181=\"29368\" data-gtm-vis-first-on-screen-10552706_181=\"29368\" data-gtm-vis-total-visible-time-10552706_181=\"100\" data-gtm-vis-has-fired-10552706_181=\"1\" data-gtm-vis-recent-on-screen-10552706_184=\"29385\" data-gtm-vis-first-on-screen-10552706_184=\"29385\" data-gtm-vis-total-visible-time-10552706_184=\"100\" data-gtm-vis-has-fired-10552706_184=\"1\" data-gtm-vis-recent-on-screen-10552706_192=\"29386\" data-gtm-vis-first-on-screen-10552706_192=\"29386\" data-gtm-vis-total-visible-time-10552706_192=\"100\" data-gtm-vis-has-fired-10552706_192=\"1\" data-gtm-vis-recent-on-screen-10552706_193=\"29387\" data-gtm-vis-first-on-screen-10552706_193=\"29387\" data-gtm-vis-total-visible-time-10552706_193=\"100\" data-gtm-vis-has-fired-10552706_193=\"1\" data-gtm-vis-recent-on-screen-10552706_194=\"29388\" data-gtm-vis-first-on-screen-10552706_194=\"29388\" data-gtm-vis-total-visible-time-10552706_194=\"100\" data-gtm-vis-has-fired-10552706_194=\"1\" data-gtm-vis-recent-on-screen-10552706_195=\"29389\" data-gtm-vis-first-on-screen-10552706_195=\"29389\" data-gtm-vis-total-visible-time-10552706_195=\"100\" data-gtm-vis-has-fired-10552706_195=\"1\" data-gtm-vis-recent-on-screen-10552706_196=\"29390\" data-gtm-vis-first-on-screen-10552706_196=\"29390\" data-gtm-vis-total-visible-time-10552706_196=\"100\" data-gtm-vis-has-fired-10552706_196=\"1\" data-gtm-vis-recent-on-screen-10552706_217=\"29391\" data-gtm-vis-first-on-screen-10552706_217=\"29391\" data-gtm-vis-total-visible-time-10552706_217=\"100\" data-gtm-vis-has-fired-10552706_217=\"1\"><span>Cam\u00e9ra r\u00e9seau WizMind \u00e0 globe oculaire \u00e0 focale variable IR 8MP<\/span><\/p>\n<div data-v-393df75a=\"\">\n<p><strong><em><span>* Les param\u00e8tres et fiches techniques ci-dessous ne peuvent \u00eatre appliqu\u00e9s qu&rsquo;\u00e0 la s\u00e9rie 5842-Z-S3.<\/span><\/em><\/strong><\/p>\n<ul>\n<li><span>Capteur d&rsquo;image CMOS 8 MP 1\/1,8&Prime;, faible luminance et image haute d\u00e9finition.<\/span><\/li>\n<li><span>Sorties max.\u00a08MP (3840\u00d72160) \u00e0 25\/30 ips.<\/span><\/li>\n<li><span>LED IR int\u00e9gr\u00e9e, et le max.\u00a0la distance d&rsquo;\u00e9clairage est de 40 m.<\/span><\/li>\n<li><span>ROI, SVC, SMART H.264+\/H.265+, AI H.264\/H.265, codage apr\u00e8s filtre, codage flexible, applicable \u00e0 divers environnements de bande passante et de stockage.<\/span><\/li>\n<li><span>Mode rotation, WDR, 3D NR, HLC, BLC, tatouage num\u00e9rique, applicable \u00e0 diverses sc\u00e8nes de surveillance.<\/span><\/li>\n<li><span>Avec un algorithme d&rsquo;apprentissage en profondeur, il prend en charge\u00a0: m\u00e9tadonn\u00e9es vid\u00e9o, IVS, d\u00e9tection de visage, d\u00e9tection d&rsquo;objet intelligent et comptage de personnes, etc.<\/span><\/li>\n<li><span>Prend en charge max.\u00a0Carte Micro SD 512 Go, micro int\u00e9gr\u00e9.<\/span><\/li>\n<li><span>Alimentation 12 Vcc\/PoE ;\u00a0ePoE.<\/span><\/li>\n<li><span>Indice de protection IP67.<\/span><\/li>\n<li><span>CMS 3.0.<\/span><\/li>\n<\/ul>\n<\/div>\n","protected":false},"featured_media":2620,"template":"","meta":[],"product_cat":[128],"product_tag":[],"class_list":["post-2618","product","type-product","status-publish","has-post-thumbnail","hentry","product_cat-camera-de-surveillance"],"_links":{"self":[{"href":"https:\/\/chafiafood.com\/zakariatech\/wp-json\/wp\/v2\/product\/2618","targetHints":{"allow":["GET"]}}],"collection":[{"href":"https:\/\/chafiafood.com\/zakariatech\/wp-json\/wp\/v2\/product"}],"about":[{"href":"https:\/\/chafiafood.com\/zakariatech\/wp-json\/wp\/v2\/types\/product"}],"wp:featuredmedia":[{"embeddable":true,"href":"https:\/\/chafiafood.com\/zakariatech\/wp-json\/wp\/v2\/media\/2620"}],"wp:attachment":[{"href":"https:\/\/chafiafood.com\/zakariatech\/wp-json\/wp\/v2\/media?parent=2618"}],"wp:term":[{"taxonomy":"product_cat","embeddable":true,"href":"https:\/\/chafiafood.com\/zakariatech\/wp-json\/wp\/v2\/product_cat?post=2618"},{"taxonomy":"product_tag","embeddable":true,"href":"https:\/\/chafiafood.com\/zakariatech\/wp-json\/wp\/v2\/product_tag?post=2618"}],"curies":[{"name":"wp","href":"https:\/\/api.w.org\/{rel}","templated":true}]}}